{"id":45,"date":"2021-01-24T19:44:57","date_gmt":"2021-01-24T18:44:57","guid":{"rendered":"https:\/\/artis-diversis.eu\/S\/?page_id=45"},"modified":"2021-05-01T20:04:49","modified_gmt":"2021-05-01T18:04:49","slug":"profil","status":"publish","type":"page","link":"https:\/\/artis-diversis.eu\/S\/profil","title":{"rendered":"PROFIL | PROFILE"},"content":{"rendered":"<p><img loading=\"lazy\" decoding=\"async\" class=\"alignnone size-full wp-image-210\" src=\"https:\/\/artis-diversis.eu\/S\/wp-content\/uploads\/2021\/01\/ARTWORKS-GALERIE-PROFIL.png\" alt=\"ARTWORKS-GALERIE-PROFIL\" width=\"1890\" height=\"600\" srcset=\"https:\/\/artis-diversis.eu\/S\/wp-content\/uploads\/2021\/01\/ARTWORKS-GALERIE-PROFIL.png 1890w, https:\/\/artis-diversis.eu\/S\/wp-content\/uploads\/2021\/01\/ARTWORKS-GALERIE-PROFIL-600x190.png 600w\" sizes=\"auto, (max-width: 1890px) 100vw, 1890px\" \/><\/p>\n<hr style=\"border: none; border-top: 1px dotted #666666; background-color: #dddddd; height: 1px;\" \/>\n<div class=\"column-grid column-grid-2\"><div class=\"column column-span-1 column-push-0 column-first\"><\/p>\n<div align=\"center\">\n<span style=\"text-align: justify; color: #333333; font-size: 10.0pt;\">&nbsp;&nbsp;<\/span><br \/>\n<span style=\"text-align: justify; color: #333333; font-size: 10.0pt;\">&nbsp;&nbsp;<\/span><br \/>\n<img loading=\"lazy\" decoding=\"async\" class=\"alignnone size-full wp-image-192\" src=\"https:\/\/www.artis-diversis.eu\/wp-content\/uploads\/JAGB-R.png\" alt=\"\" width=\"168\" height=\"168\" \/><br \/>\n<span style=\"text-align: justify; color: #333333; font-size: 2.0pt;\">&nbsp;&nbsp;<\/span><br \/>\n<span style=\"text-align: justify; color: #333333; font-size: 11.0pt;\"><strong>JOHANN A.G. BALOGHY<\/strong><br \/>\n<span style=\"text-align: justify; color: #333333; font-size: 10.0pt;\">Freiberufler K\u00fcnstler | Freelance artist | Artiste ind\u00e9pendant<\/span><br \/>\n<!-- Retired | Im Ruhestand --><\/span><\/div>\n<p>\n<\/div><br \/>\n<div class=\"column column-span-1 column-push-0 column-last\"><p>\n<span style=\"text-align: justify; color: #333333; font-size: 2.0pt;\">&nbsp;&nbsp;<\/span><\/p>\n<p><strong>ARTIS DIVERSIS \u2013 JOHANN A.G. BALOGHY<\/strong><\/p>\n<p style=\"text-align: justify; color: #333333; font-size: 11.0pt;\">\nDipl.-Ing. Architekt + Designer + Media Journalist<br \/>\nFmr. Cert. Member of the International Press EU.VI 5782 202\u2013IPC<br \/>\nFmr. Cert. Certified Member of the DVPJ MC IIV-09-02 5782-42 AC<br \/>\n&nbsp;&nbsp;&nbsp;<br \/>\nRegensburg | Bavaria | Germany | EU<br \/>\nE-MAIL: info(at)Artis-Diversis.eu<br \/>\nPhone: +49 (0) 941 9925320<br \/>\n&nbsp;&nbsp;&nbsp;<br \/>\nInternet-Domains: <a href=\"http:\/\/www.Artis-Diversis.eu\" target=\"_blank\" rel=\"noopener noreferrer\">www.Artis-Diversis.eu<\/a> &#8211; <a href=\"https:\/\/www.Artis-Diversis.de\" target=\"_blank\" rel=\"noopener noreferrer\">www.Artis-Diversis.de<\/a>\n<\/p>\n<p>\n<\/div><\/div><br \/>\n<!-- ------------------------------------------------------------------------------------------ --><\/p>\n<hr style=\"border: none; border-top: 1px dotted #666666; background-color: #dddddd; height: 1px;\" \/>\n<!-- ------------------------------------------------------------------------------------------ --><\/p>\n<p style=\"text-align: justify; color: #333333; font-size: 11.3pt;\"><i><br \/>\n\u00dcber mich | About me | \u00c0 propos de moi<br \/>\n&nbsp;&nbsp;&nbsp;<br \/>\n&#8222;Kunst ist meine Grundausbildung und \u00fcbe ich diese interdisziplin\u00e4r bzw. parallel zu meinem Hauptberuf als Architekt, Dipl. Ingenieur, Designer und Media Journalist, aus. In diesem Triumvirat gibt es sehr viele Gemeinsamkeiten, die sich gegenseitig erg\u00e4nzen, von der Idee, Kreation bis zur Realisierung, einschlie\u00dflich Bewertung. Als Freiberufler, Kreativer und eigene Ideale folgend, bin ich unabh\u00e4ngig und freischaffend. Ich teile aber gerne Wissen und Erfahrung aus, und vermittle diese gerne j\u00fcngeren Generationen weiter!&#8220;<br \/>\n+++<br \/>\n&#8222;The Art is my basic education and I practice this interdisciplinary and parallel to my main profession as architect, graduate engineer, designer and media journalist. In this triumvirate, there are many similarities that complement each other, from idea, creation to realization, including evaluation. As a freelancer, creative and following my own ideals, I am independent and freelance. But I like to share knowledge and experience, and like to convey this to younger generations!&#8220;<br \/>\n+++<br \/>\n&#8222;L\u2019art est ma formation de base et j\u2019exerce cette activit\u00e9 interdisciplinaire et parall\u00e8lement \u00e0 mon m\u00e9tier principal d&#8217;architecte, ing\u00e9nieur dipl\u00f4m\u00e9, designer et journaliste sp\u00e9cialis\u00e9 dans les m\u00e9dias. Dans ce triumvirat, de nombreuses similitudes se compl\u00e8tent, de l&#8217;id\u00e9e \u00e0 la r\u00e9alisation en passant par l&#8217;\u00e9valuation. En tant que pigiste, cr\u00e9atif et respectant mes propres id\u00e9aux, je suis ind\u00e9pendant. Mais j&#8217;aime partager des connaissances et des exp\u00e9riences et transmettre cela aux jeunes g\u00e9n\u00e9rations!&#8220;<br \/>\n&nbsp;&nbsp;&nbsp;<br \/>\nJohann A.G. Baloghy<br \/>\n<\/i><\/p>\n<p><!-- ------------------------------------------------------------------------------------------ --><\/p>\n<hr style=\"border: none; border-top: 1px dotted #666666; background-color: #dddddd; height: 1px;\" \/>\n<!-- ------------------------------------------------------------------------------------------ --><br \/>\n<div class=\"column-grid column-grid-2\"><div class=\"column column-span-1 column-push-0 column-first\"><\/p>\n<p style=\"text-align: justify; color: #333333; font-size: 11.3pt;\"><strong>KOMPETENZEN<\/strong> \u2022 FORSCHUNG &amp; ENTWICKLUNG \u2022 KUNST \u2022 GEM\u00c4LDE \u2022 GRAFIKEN \u2022 ARCHITEKTUR-, INDUSTRIAL-, GRAFIK-, WEB-DESIGN \u2022 BAUPHYSIK \u2022 PROJEKTMANAGEMENT \u2022 INTERMEDIALE JOURNALISTIK \u2022 VIRTUELLE VISUELLE BERICHTE \u2022 FOTOBERICHTE \u2022 FOTOGRAFIK \u2022 PHOTODESIGN \u2022 FOTOK\u00dcNSTE, MEDIEN K\u00dcNSTE \u2022 PRESENTATIONEN \u2022 PROMOTIONEN \u2022 ONLINE AUSSTELLUNGEN <strong>ERFAHRUNG<\/strong> \u2022 Architektur und Design \u2022 Kunst u. Kunst-Theorie \u2022 Design Methodologies \u2022 Operation Research \u2022 System Analysis \u2022 Media Journalism \u2022 Art Direction \u2022 Photo Design \u2022 Photography \u2022 Web Design \u2022 Real &amp; Virtual Aviation \u2022 Aviation Journalistics \u2022 Avionics Ergonomics \u2022 Avionics Design<\/p>\n<p>\n<\/div><br \/>\n<div class=\"column column-span-1 column-push-0 column-last\"><\/p>\n<p style=\"text-align: justify; color: #333333; font-size: 11.3pt;\"><strong>COMPETENCES<\/strong> \u2022 RESEARCH &amp; DEVELOPMENT \u2022 ART \u2022 PAINTINGS \u2022 GRAPHICS \u2022 ARCHITECTURE \u2022 ARCHITECTURAL-, INDUSTRIAL-, GRAPHIC-, WEB-DESIGN \u2022 BUILDING PHYSICS \u2022 PROJECT MANAGEMENT \u2022 INTERMEDIAL JOURNALISTICS \u2022 VIRTUAL VISUAL REPORTS \u2022 PHOTO REPORTING \u2022 PHOTOGRAPHICS \u2022 PHOTODESIGN \u2022 PHOTO ARTS \u2022 PRESENTATIONS \u2022 PROMOTIONS \u2022 ONLINE EXHIBITIONS <strong>EXPERIENCE<\/strong> \u2022 Architecture and Design \u2022 Art &amp; Art Theory \u2022 Design Methodologies \u2022 Operation Research \u2022 System Analysis \u2022 Media Journalism \u2022 Art Direction \u2022 Photo Design \u2022 Photography \u2022 Web Design \u2022 Real &amp; Virtual Aviation \u2022 Aviation Journalistics \u2022 Avionics Ergonomics \u2022 Avionics Design<\/p>\n<p>\n<\/div><\/div><\/p>\n<hr style=\"border: none; border-top: 1px dotted #666666; background-color: #dddddd; height: 1px;\" \/>\n<div class=\"column-grid column-grid-4\"><div class=\"column column-span-1 column-push-0 column-first\"><\/p>\n<div align=\"center\"><a href=\"https:\/\/www.artis-diversis.de\/\" target=\"_blank\" rel=\"noopener noreferrer\"><img loading=\"lazy\" decoding=\"async\" class=\"alignnone size-full wp-image-89\" src=\"https:\/\/www.artis-diversis.de\/wp-content\/uploads\/art_div_portal_light.png\" alt=\"\" width=\"220\" height=\"220\" \/><\/a><\/div>\n<p>\n<\/div><br \/>\n<div class=\"column column-span-1 column-push-0\"><\/p>\n<div align=\"center\"><a href=\"https:\/\/www.artis-diversis.de\/\" target=\"_blank\" rel=\"noopener noreferrer\"><img loading=\"lazy\" decoding=\"async\" class=\"alignnone size-full wp-image-18\" src=\"https:\/\/www.artis-diversis.de\/wp-content\/uploads\/artis_diversis_dark.png\" alt=\"\" width=\"220\" height=\"220\" \/><\/a><\/div>\n<p>\n<\/div><br \/>\n<div class=\"column column-span-1 column-push-0\"><\/p>\n<div align=\"center\"><a href=\"https:\/\/www.artis-diversis.de\/\" target=\"_blank\" rel=\"noopener noreferrer\"><img loading=\"lazy\" decoding=\"async\" class=\"alignnone size-full wp-image-89\" src=\"https:\/\/www.artis-diversis.de\/wp-content\/uploads\/art_div_portal_light.png\" alt=\"\" width=\"220\" height=\"220\" \/><\/a><\/div>\n<p>\n<\/div><br \/>\n<div class=\"column column-span-1 column-push-0 column-last\"><\/p>\n<div align=\"center\"><a href=\"https:\/\/www.artis-diversis.de\/\" target=\"_blank\" rel=\"noopener noreferrer\"><img loading=\"lazy\" decoding=\"async\" class=\"alignnone size-full wp-image-18\" src=\"https:\/\/www.artis-diversis.de\/wp-content\/uploads\/artis_diversis_dark.png\" alt=\"\" width=\"220\" height=\"220\" \/><\/a><\/div>\n<p>\n<\/div><\/div><br \/>\n<script type=\"text\/javascript\" src=\"https:\/\/www.artis-diversis.eu\/stat\/pws.php?mode=js\"><\/script><script type=\"text\/javascript\" src=\"https:\/\/www.artis-diversis.eu\/stat\/plugins\/onclick\/pws_file.php\"><\/script><noscript><img decoding=\"async\" src=\"https:\/\/www.artis-diversis.eu\/stat\/pws.php?mode=img\" style=\"border:0; width:1px; height:1px\" alt=\"noscript-img\"><\/noscript><\/p>\n","protected":false},"excerpt":{"rendered":"<p>\u00dcber mich | About me | \u00c0 propos de moi &nbsp;&nbsp;&nbsp; &#8222;Kunst ist meine Grundausbildung und \u00fcbe ich diese interdisziplin\u00e4r bzw. parallel zu meinem Hauptberuf als Architekt, Dipl. Ingenieur, Designer und Media Journalist, aus. In diesem Triumvirat gibt es sehr viele Gemeinsamkeiten, die sich gegenseitig erg\u00e4nzen, von der Idee, Kreation bis zur Realisierung, einschlie\u00dflich Bewertung. &#8230; <a title=\"PROFIL | PROFILE\" class=\"read-more\" href=\"https:\/\/artis-diversis.eu\/S\/profil\" aria-label=\"Mehr Informationen \u00fcber PROFIL | PROFILE\">Weiterlesen<\/a><\/p>\n","protected":false},"author":1,"featured_media":0,"parent":0,"menu_order":0,"comment_status":"closed","ping_status":"closed","template":"","meta":{"footnotes":""},"class_list":["post-45","page","type-page","status-publish"],"_links":{"self":[{"href":"https:\/\/artis-diversis.eu\/S\/wp-json\/wp\/v2\/pages\/45","targetHints":{"allow":["GET"]}}],"collection":[{"href":"https:\/\/artis-diversis.eu\/S\/wp-json\/wp\/v2\/pages"}],"about":[{"href":"https:\/\/artis-diversis.eu\/S\/wp-json\/wp\/v2\/types\/page"}],"author":[{"embeddable":true,"href":"https:\/\/artis-diversis.eu\/S\/wp-json\/wp\/v2\/users\/1"}],"replies":[{"embeddable":true,"href":"https:\/\/artis-diversis.eu\/S\/wp-json\/wp\/v2\/comments?post=45"}],"version-history":[{"count":50,"href":"https:\/\/artis-diversis.eu\/S\/wp-json\/wp\/v2\/pages\/45\/revisions"}],"predecessor-version":[{"id":724,"href":"https:\/\/artis-diversis.eu\/S\/wp-json\/wp\/v2\/pages\/45\/revisions\/724"}],"wp:attachment":[{"href":"https:\/\/artis-diversis.eu\/S\/wp-json\/wp\/v2\/media?parent=45"}],"curies":[{"name":"wp","href":"https:\/\/api.w.org\/{rel}","templated":true}]}}

<p><img loading="lazy" decoding="async" class="alignnone size-full wp-image-210" src="https://artis-diversis.eu/S/wp-content/uploads/2021/01/ARTWORKS-GALERIE-PROFIL.png" alt="ARTWORKS-GALERIE-PROFIL" width="1890" height="600" srcset="https://artis-diversis.eu/S/wp-content/uploads/2021/01/ARTWORKS-GALERIE-PROFIL.png 1890w, https://artis-diversis.eu/S/wp-content/uploads/2021/01/ARTWORKS-GALERIE-PROFIL-600x190.png 600w" sizes="auto, (max-width: 1890px) 100vw, 1890px" /></p>
<hr style="border: none; border-top: 1px dotted #666666; background-color: #dddddd; height: 1px;" />
<div class="column-grid column-grid-2"><div class="column column-span-1 column-push-0 column-first"></p>
<div align="center">
<span style="text-align: justify; color: #333333; font-size: 10.0pt;">&nbsp;&nbsp;</span><br />
<span style="text-align: justify; color: #333333; font-size: 10.0pt;">&nbsp;&nbsp;</span><br />
<img loading="lazy" decoding="async" class="alignnone size-full wp-image-192" src="https://www.artis-diversis.eu/wp-content/uploads/JAGB-R.png" alt="" width="168" height="168" /><br />
<span style="text-align: justify; color: #333333; font-size: 2.0pt;">&nbsp;&nbsp;</span><br />
<span style="text-align: justify; color: #333333; font-size: 11.0pt;"><strong>JOHANN A.G. BALOGHY</strong><br />
<span style="text-align: justify; color: #333333; font-size: 10.0pt;">Freiberufler Künstler | Freelance artist | Artiste indépendant</span><br />
<!-- Retired | Im Ruhestand --></span></div>
<p>
</div><br />
<div class="column column-span-1 column-push-0 column-last"><p>
<span style="text-align: justify; color: #333333; font-size: 2.0pt;">&nbsp;&nbsp;</span></p>
<p><strong>ARTIS DIVERSIS – JOHANN A.G. BALOGHY</strong></p>
<p style="text-align: justify; color: #333333; font-size: 11.0pt;">
Dipl.-Ing. Architekt + Designer + Media Journalist<br />
Fmr. Cert. Member of the International Press EU.VI 5782 202–IPC<br />
Fmr. Cert. Certified Member of the DVPJ MC IIV-09-02 5782-42 AC<br />
&nbsp;&nbsp;&nbsp;<br />
Regensburg | Bavaria | Germany | EU<br />
E-MAIL: info(at)Artis-Diversis.eu<br />
Phone: +49 (0) 941 9925320<br />
&nbsp;&nbsp;&nbsp;<br />
Internet-Domains: <a href="http://www.Artis-Diversis.eu" target="_blank" rel="noopener noreferrer">www.Artis-Diversis.eu</a> &#8211; <a href="https://www.Artis-Diversis.de" target="_blank" rel="noopener noreferrer">www.Artis-Diversis.de</a>
</p>
<p>
</div></div><br />
<!-- ------------------------------------------------------------------------------------------ --></p>
<hr style="border: none; border-top: 1px dotted #666666; background-color: #dddddd; height: 1px;" />
<!-- ------------------------------------------------------------------------------------------ --></p>
<p style="text-align: justify; color: #333333; font-size: 11.3pt;"><i><br />
Über mich | About me | À propos de moi<br />
&nbsp;&nbsp;&nbsp;<br />
&#8222;Kunst ist meine Grundausbildung und übe ich diese interdisziplinär bzw. parallel zu meinem Hauptberuf als Architekt, Dipl. Ingenieur, Designer und Media Journalist, aus. In diesem Triumvirat gibt es sehr viele Gemeinsamkeiten, die sich gegenseitig ergänzen, von der Idee, Kreation bis zur Realisierung, einschließlich Bewertung. Als Freiberufler, Kreativer und eigene Ideale folgend, bin ich unabhängig und freischaffend. Ich teile aber gerne Wissen und Erfahrung aus, und vermittle diese gerne jüngeren Generationen weiter!&#8220;<br />
+++<br />
&#8222;The Art is my basic education and I practice this interdisciplinary and parallel to my main profession as architect, graduate engineer, designer and media journalist. In this triumvirate, there are many similarities that complement each other, from idea, creation to realization, including evaluation. As a freelancer, creative and following my own ideals, I am independent and freelance. But I like to share knowledge and experience, and like to convey this to younger generations!&#8220;<br />
+++<br />
&#8222;L’art est ma formation de base et j’exerce cette activité interdisciplinaire et parallèlement à mon métier principal d&#8217;architecte, ingénieur diplômé, designer et journaliste spécialisé dans les médias. Dans ce triumvirat, de nombreuses similitudes se complètent, de l&#8217;idée à la réalisation en passant par l&#8217;évaluation. En tant que pigiste, créatif et respectant mes propres idéaux, je suis indépendant. Mais j&#8217;aime partager des connaissances et des expériences et transmettre cela aux jeunes générations!&#8220;<br />
&nbsp;&nbsp;&nbsp;<br />
Johann A.G. Baloghy<br />
</i></p>
<p><!-- ------------------------------------------------------------------------------------------ --></p>
<hr style="border: none; border-top: 1px dotted #666666; background-color: #dddddd; height: 1px;" />
<!-- ------------------------------------------------------------------------------------------ --><br />
<div class="column-grid column-grid-2"><div class="column column-span-1 column-push-0 column-first"></p>
<p style="text-align: justify; color: #333333; font-size: 11.3pt;"><strong>KOMPETENZEN</strong> • FORSCHUNG &amp; ENTWICKLUNG • KUNST • GEMÄLDE • GRAFIKEN • ARCHITEKTUR-, INDUSTRIAL-, GRAFIK-, WEB-DESIGN • BAUPHYSIK • PROJEKTMANAGEMENT • INTERMEDIALE JOURNALISTIK • VIRTUELLE VISUELLE BERICHTE • FOTOBERICHTE • FOTOGRAFIK • PHOTODESIGN • FOTOKÜNSTE, MEDIEN KÜNSTE • PRESENTATIONEN • PROMOTIONEN • ONLINE AUSSTELLUNGEN <strong>ERFAHRUNG</strong> • Architektur und Design • Kunst u. Kunst-Theorie • Design Methodologies • Operation Research • System Analysis • Media Journalism • Art Direction • Photo Design • Photography • Web Design • Real &amp; Virtual Aviation • Aviation Journalistics • Avionics Ergonomics • Avionics Design</p>
<p>
</div><br />
<div class="column column-span-1 column-push-0 column-last"></p>
<p style="text-align: justify; color: #333333; font-size: 11.3pt;"><strong>COMPETENCES</strong> • RESEARCH &amp; DEVELOPMENT • ART • PAINTINGS • GRAPHICS • ARCHITECTURE • ARCHITECTURAL-, INDUSTRIAL-, GRAPHIC-, WEB-DESIGN • BUILDING PHYSICS • PROJECT MANAGEMENT • INTERMEDIAL JOURNALISTICS • VIRTUAL VISUAL REPORTS • PHOTO REPORTING • PHOTOGRAPHICS • PHOTODESIGN • PHOTO ARTS • PRESENTATIONS • PROMOTIONS • ONLINE EXHIBITIONS <strong>EXPERIENCE</strong> • Architecture and Design • Art &amp; Art Theory • Design Methodologies • Operation Research • System Analysis • Media Journalism • Art Direction • Photo Design • Photography • Web Design • Real &amp; Virtual Aviation • Aviation Journalistics • Avionics Ergonomics • Avionics Design</p>
<p>
</div></div></p>
<hr style="border: none; border-top: 1px dotted #666666; background-color: #dddddd; height: 1px;" />
<div class="column-grid column-grid-4"><div class="column column-span-1 column-push-0 column-first"></p>
<div align="center"><a href="https://www.artis-diversis.de/" target="_blank" rel="noopener noreferrer"><img loading="lazy" decoding="async" class="alignnone size-full wp-image-89" src="https://www.artis-diversis.de/wp-content/uploads/art_div_portal_light.png" alt="" width="220" height="220" /></a></div>
<p>
</div><br />
<div class="column column-span-1 column-push-0"></p>
<div align="center"><a href="https://www.artis-diversis.de/" target="_blank" rel="noopener noreferrer"><img loading="lazy" decoding="async" class="alignnone size-full wp-image-18" src="https://www.artis-diversis.de/wp-content/uploads/artis_diversis_dark.png" alt="" width="220" height="220" /></a></div>
<p>
</div><br />
<div class="column column-span-1 column-push-0"></p>
<div align="center"><a href="https://www.artis-diversis.de/" target="_blank" rel="noopener noreferrer"><img loading="lazy" decoding="async" class="alignnone size-full wp-image-89" src="https://www.artis-diversis.de/wp-content/uploads/art_div_portal_light.png" alt="" width="220" height="220" /></a></div>
<p>
</div><br />
<div class="column column-span-1 column-push-0 column-last"></p>
<div align="center"><a href="https://www.artis-diversis.de/" target="_blank" rel="noopener noreferrer"><img loading="lazy" decoding="async" class="alignnone size-full wp-image-18" src="https://www.artis-diversis.de/wp-content/uploads/artis_diversis_dark.png" alt="" width="220" height="220" /></a></div>
<p>
</div></div><br />
<script type="text/javascript" src="https://www.artis-diversis.eu/stat/pws.php?mode=js"></script><script type="text/javascript" src="https://www.artis-diversis.eu/stat/plugins/onclick/pws_file.php"></script><noscript><img decoding="async" src="https://www.artis-diversis.eu/stat/pws.php?mode=img" style="border:0; width:1px; height:1px" alt="noscript-img"></noscript></p>

<p>Über mich | About me | À propos de moi &nbsp;&nbsp;&nbsp; &#8222;Kunst ist meine Grundausbildung und übe ich diese interdisziplinär bzw. parallel zu meinem Hauptberuf als Architekt, Dipl. Ingenieur, Designer und Media Journalist, aus. In diesem Triumvirat gibt es sehr viele Gemeinsamkeiten, die sich gegenseitig ergänzen, von der Idee, Kreation bis zur Realisierung, einschließlich Bewertung. &#8230; <a title="PROFIL | PROFILE" class="read-more" href="https://artis-diversis.eu/S/profil" aria-label="Mehr Informationen über PROFIL | PROFILE">Weiterlesen</a></p>
